{"id":2,"date":"2020-04-19T21:44:00","date_gmt":"2020-04-19T21:44:00","guid":{"rendered":"http:\/\/itero.de\/?page_id=2"},"modified":"2025-11-13T20:22:02","modified_gmt":"2025-11-13T20:22:02","slug":"startseite","status":"publish","type":"page","link":"https:\/\/itero.de\/","title":{"rendered":"Angaben nach \u00a7 5 TMG:"},"content":{"rendered":"\n<p>Ralf Rodemann  &#8211;  Staatlich gepr\u00fcfter Informatiker<\/p>\n\n\n<p>Am Osterwohl 1<\/p>\n<p>D &#8211; 31848 Bad M\u00fcnder \/ OT Nienstedt<\/p>\n<p>Fon\u00a0\u00a0 +49 (0)5042-5279650<\/p>\n<p>Mob\u00a0\u00a0 +49 (0)170 476 45 43<\/p>\n<p>Fax\u00a0\u00a0 +49 (0)5042-5279679<\/p>\n<p>Mail\u00a0\u00a0 rodemann(at)itero.de<\/p>\n\n\n<figure class=\"wp-block-image size-large is-resized\"><a href=\"https:\/\/itero.de\/wp-content\/uploads\/2020\/04\/Rodemann-Quick-Support.zip\"><img loading=\"lazy\" decoding=\"async\" width=\"300\" height=\"252\" src=\"https:\/\/itero.de\/wp-content\/uploads\/2020\/04\/Hilfe-klein.png\" alt=\"\" class=\"wp-image-28\" style=\"width:75px;height:63px\"\/><\/a><\/figure>\n\n\n\n<p><\/p>\n\n\n\n<h1 class=\"wp-block-heading\">DATENSCHUTZ<\/h1>\n\n\n\n<p>Als Betreiber dieser Seiten nehmen den Schutz Ihrer pers\u00f6nlichen Daten sehr ernst. Wir behandeln Ihre personenbezogenen Daten vertraulich und entsprechend der gesetzlichen Datenschutzvorschriften. Die Nutzung der Webseite erfolgt in der Regel ohne Angabe personenbezogener Daten. Wenn Sie auf der Webseite zur Eingabe personenbezogene Daten (beispielsweise Name, Anschrift oder E-Mail-Adressen) aufgefordert werden, erfolgt dies stets auf freiwilliger Basis. Ohne Ihre ausdr\u00fcckliche Zustimmung werden Ihre Daten nicht an Dritte weitergegeben. Bitte beachten Sie, dass die Daten\u00fcbertragung im Internet (z.B. bei der Kommunikation per E-Mail) Sicherheitsl\u00fccken aufweisen kann. Ein l\u00fcckenloser Schutz der Daten vor dem Zugriff durch Dritte ist deshalb nicht m\u00f6glich.<\/p>\n\n\n\n<h3 class=\"wp-block-heading\">Cookies<\/h3>\n\n\n\n<p>Die Internetseiten verwenden teilweise so genannte Cookies. Cookies richten auf Ihrem Rechner keinen Schaden an und enthalten keine Viren. Cookies dienen dazu, unser Angebot nutzerfreundlicher, effektiver und sicherer zu machen. Cookies sind kleine Textdateien, die auf Ihrem Rechner abgelegt werden und die Ihr Browser speichert. Die meisten der von uns verwendeten Cookies sind so genannte \u201eSession-Cookies\u201c. Sie werden nach Ende Ihres Besuchs automatisch gel\u00f6scht. Andere Cookies bleiben auf Ihrem Endger\u00e4t gespeichert, bis Sie diese l\u00f6schen. Diese Cookies erm\u00f6glichen es uns, Ihren Browser beim n\u00e4chsten Besuch wiederzuerkennen. Sie k\u00f6nnen Ihren Browser so einstellen, dass Sie \u00fcber das Setzen von Cookies informiert werden und Cookies nur im Einzelfall erlauben, die Annahme von Cookies f\u00fcr bestimmte F\u00e4lle oder generell ausschlie\u00dfen sowie das automatische L\u00f6schen der Cookies beim Schlie\u00dfen des Browser aktivieren. Bei der Deaktivierung von Cookies kann die Funktionalit\u00e4t dieser Website eingeschr\u00e4nkt sein.<\/p>\n\n\n\n<h3 class=\"wp-block-heading\">Server-Log-Files<\/h3>\n\n\n\n<p>Der Provider der Seiten erhebt und speichert automatisch Informationen in so genannten Server-Log Files, die Ihr Browser automatisch an uns \u00fcbermittelt. Dies sind: Browsertyp und Browserversion verwendetes Betriebssystem Referrer URL Hostname des zugreifenden Rechners Uhrzeit der Serveranfrage Diese Daten sind nicht bestimmten Personen zuordenbar. Eine Zusammenf\u00fchrung dieser Daten mit anderen Datenquellen wird nicht vorgenommen. Wir behalten uns vor, diese Daten nachtr\u00e4glich zu pr\u00fcfen, wenn uns konkrete Anhaltspunkte f\u00fcr eine rechtswidrige Nutzung bekannt werden.<\/p>\n","protected":false},"excerpt":{"rendered":"<p>Ralf Rodemann &#8211; Staatlich gepr\u00fcfter Informatiker Am Osterwohl 1 D &#8211; 31848 Bad M\u00fcnder \/ OT Nienstedt Fon\u00a0\u00a0 +49 (0)5042-5279650 Mob\u00a0\u00a0 +49 (0)170 476 45 43 Fax\u00a0\u00a0 +49 (0)5042-5279679 Mail\u00a0\u00a0 rodemann(at)itero.de DATENSCHUTZ Als Betreiber dieser Seiten nehmen den Schutz Ihrer pers\u00f6nlichen Daten sehr ernst. Wir behandeln Ihre personenbezogenen Daten vertraulich und entsprechend der gesetzlichen Datenschutzvorschriften. &hellip; <\/p>\n<p class=\"link-more\"><a href=\"https:\/\/itero.de\/\" class=\"more-link\"><span class=\"screen-reader-text\">\u201eAngaben nach \u00a7 5 TMG:\u201c<\/span> weiterlesen<\/a><\/p>\n","protected":false},"author":1,"featured_media":0,"parent":0,"menu_order":0,"comment_status":"closed","ping_status":"closed","template":"","meta":{"footnotes":""},"class_list":["post-2","page","type-page","status-publish","hentry"],"_links":{"self":[{"href":"https:\/\/itero.de\/index.php?rest_route=\/wp\/v2\/pages\/2","targetHints":{"allow":["GET"]}}],"collection":[{"href":"https:\/\/itero.de\/index.php?rest_route=\/wp\/v2\/pages"}],"about":[{"href":"https:\/\/itero.de\/index.php?rest_route=\/wp\/v2\/types\/page"}],"author":[{"embeddable":true,"href":"https:\/\/itero.de\/index.php?rest_route=\/wp\/v2\/users\/1"}],"replies":[{"embeddable":true,"href":"https:\/\/itero.de\/index.php?rest_route=%2Fwp%2Fv2%2Fcomments&post=2"}],"version-history":[{"count":12,"href":"https:\/\/itero.de\/index.php?rest_route=\/wp\/v2\/pages\/2\/revisions"}],"predecessor-version":[{"id":62,"href":"https:\/\/itero.de\/index.php?rest_route=\/wp\/v2\/pages\/2\/revisions\/62"}],"wp:attachment":[{"href":"https:\/\/itero.de\/index.php?rest_route=%2Fwp%2Fv2%2Fmedia&parent=2"}],"curies":[{"name":"wp","href":"https:\/\/api.w.org\/{rel}","templated":true}]}}